= 2 - -39. Let i = 28 + -31. Calculate the remainder when p is divided by (-86)/(-4) - i/6.
19
Suppose 0 = -3*o - 0*o + 12. Suppose 172 = 3*q - o*v, -q + v + 16 = -42. Suppose -2*b - q = -5*b. Calculate the remainder when 78 is divided by b.
18
Suppose -s - 3 = 4. Let h(r) = -4*r - 14. Calculate the remainder when -1 - 2 - -1 - -28 is divided by h(s).
12
Let i(n) = -n - n + 22 + 0*n - 3*n. Calculate the remainder when i(-8) is divided by 16.
14
Let w = -2 - -5. Suppose -i + 14 = 6*i. Suppose i*b = 4*b + 4*x - 14, -50 = -5*b + 5*x. What is the remainder when b is divided by w?
0
Suppose -2*l - 282 = -8*l. What is the remainder when 656 is divided by l?
45
What is the remainder when (1 - (-1781)/(-2))*6/(-9) is divided by 7?
5
Suppose -f - 29 = -m - 5*f, 0 = 2*m + 5*f - 46. Let j = 109 + -101. What is the remainder when m is divided by j?
5
Let v(j) = 2*j + 24. Let x be v(-10). Let s = x - -27. What is the remainder when s is divided by 8?
7
Let q(w) = -10*w - 46. What is the remainder when 241 is divided by q(-5)?
1
Let t be ((-2)/4)/((-1)/(-8)). Let r = 6 + t. Suppose 5*a = r + 73. Calculate the remainder when 27 is divided by a.
12
Let r(p) = 2*p**2 - 6*p + 10. Let i be r(-10). Suppose -w + i = 2*w. What is the remainder when w is divided by 23?
21
Let n = 49 + 8. Let c = n + -3. Suppose -c = 5*t - 309. What is the remainder when t is divided by 27?
24
Suppose -2476 + 826 = -22*r. What is the remainder when r is divided by 39?
36
Calculate the remainder when (22 + -24)*78/(-4) is divided by 37.
2
Let z(w) = 69*w + 7. Calculate the remainder when z(2) is divided by 25.
20
Let y(l) = 9*l + 125. Calculate the remainder when y(24) is divided by 38.
37
Suppose 6*s = 2*s - 96. Let f = s + 30. What is the remainder when (6/8)/(8/224) is divided by f?
3
Suppose 49*i + 481 = 62*i. What is the remainder when i is divided by 23?
14
Suppose -1282 - 188 = -35*y. Calculate the remainder when y is divided by 22.
20
Suppose -469 - 597 = -13*s. What is the remainder when s is divided by 9?
1
Let f(d) = -3*d - 14. Let u = 39 + -69. What is the remainder when f(-12) is divided by (-8)/20*1*u?
10
Suppose -7*w - 5 = -12*w. What is the remainder when (-3 + w)/(67/(-22) + 3) is divided by 16?
12
Suppose -5*l + 2 = -3*p - 6, 4 = -p + 3*l. Let w(x) = -6*x + 4. What is the remainder when w(-5) is divided by (19 - p) + 2/(-1)?
16
Let o = 12 - 7. Suppose 275 = o*t - a, -5*a = 5*t - 337 + 32. Let v(z) = -2*z + 69. Calculate the remainder when t is divided by v(27).
11
Let b be ((-3)/(-3))/(2/10). Suppose q + 2*z - 14 = 0, -9 - 19 = -q + b*z. Calculate the remainder when 4 + 1 + -6 + 34 is divided by q.
15
Suppose -o + 2*o - 22 = 0. Let j(i) = -13*i - 36. What is the remainder when j(-6) is divided by o?
20
Let c be (-261)/(-72) + ((-6)/(-16) - 0). Calculate the remainder when ((-18)/10)/(c/(-60)) is divided by 8.
3
Let i(l) = l**2 + 12*l + 4. Let z be i(-11). Let c be (-8)/56 + 2253/z. What is the remainder when c/(-8) - 3/12 is divided by 14?
12
Calculate the remainder when 72 is divided by (13 - -14)/(5 - (-4 - -8)).
18
Let p be (9/(-2))/((-57)/38). Suppose -p*v + 4*v - 14 = 0. Calculate the remainder when 39 is divided by v.
11
Suppose -7*p + 4*g = -4*p - 92, -36 = -p + 4*g. Calculate the remainder when 95 is divided by p.
11
What is the remainder when 13 is divided by (2 - 7) + (13 - (5 + 0))?
1
Let g = -31 + 24. Let d be -7*(1 + 12/g). Suppose -2*f + 3*m + 24 = -44, -3*m - 161 = -d*f. What is the remainder when f is divided by 16?
15
Let o = -1162 + 1170. What is the remainder when o is divided by 4?
0
Suppose -11*z - 171 = -1469. Calculate the remainder when z is divided by 24.
22
Let b be (6/(-10))/((-13)/715). Calculate the remainder when 96 is divided by (b/(-2))/((-3)/6).
30
Let d(y) = 5 + 10*y + 2*y**2 - 8 + y**2 - 19*y. Calculate the remainder when d(5) is divided by 6.
3
Suppose 2*j - 328 = -2*j. What is the remainder when j is divided by ((-672)/60)/(24/15 - 2)?
26
Suppose -n - z - 1 = -4*z, 0 = n - 2*z - 1. Let r(s) = -2*s - n + s - 1. Calculate the remainder when 3 is divided by r(-8).
1
Let m(g) = 47*g**3 - 3*g**2 - 2*g + 4. What is the remainder when m(1) is divided by 33/2 + 5/10?
12
Suppose -4*f + 77 = 3*f. Suppose 18 = 3*c - 147. Suppose 61 + c = 4*u. What is the remainder when u is divided by f?
7
Let i(v) = -2*v**3 - 4*v**2 - 6*v + 7. What is the remainder when 168 is divided by i(-3)?
39
Let g = -28 - -16. Suppose -24 = -2*p + 66. What is the remainder when p is divided by 4 - (-76)/g*-3?
22
Suppose 5*p - 2*n - 55 = 0, 4*p - 4*n + 1 - 33 = 0. What is the remainder when 13 is divided by p?
0
Calculate the remainder when 104 is divided by 19 - 16/(-3)*24/(-32).
14
Calculate the remainder when 4*(2/11 - 537/(-132)) is divided by 13.
4
Suppose b - 3*w = 2*w + 48, b = -2*w + 13. Let m = 11 + b. What is the remainder when m is divided by 12?
10
Let j = 367 + -141. Suppose s - 4*s + 4*u + j = 0, 293 = 4*s + 3*u. What is the remainder when s is divided by 27?
20
Let f = 285 + -267. What is the remainder when f is divided by 2/(27/(-33) + 1)?
7
Suppose 27*n = -n + 44996. Calculate the remainder when n is divided by 10.
7
Let d be 2/(96/52 - 2). Let u = -10 - d. What is the remainder when 1 + (1 - u)/(-2) is divided by 2?
0
Let x = 20 - 12. Calculate the remainder when 55 is divided by x.
7
Let q = 501 + -203. Suppose -3*v = -2*l - q, -v + 5*v = -3*l + 386. What is the remainder when v is divided by 33?
32
Let u = 1127 - 698. What is the remainder when u is divided by 108?
105
Let r be -3*2/(-9) + (-2054)/(-78). Suppose -5*f - 4*y + r = 0, 4*f - 7 = -y + 19. What is the remainder when 74 is divided by f?
4
Suppose 5*w = -4*m + 92, 0 = 5*m - 0*w + 3*w - 115. Let s = 2 + m. Suppose -v - 5*o = -12, -3*v + 18 = -o - 2*o. What is the remainder when s is divided by v?
4
Let n(b) = 2*b**2 - 3*b. Let c be n(3). Suppose c*r = 10*r - 40. Let u = 3 - -11. What is the remainder when r is divided by u?
12
Suppose 0 = -5*c - 5, 0 = 7*i - 2*i + 5*c - 20. Suppose i*u - 375 = -0*u. What is the remainder when u is divided by 5 - 1 - (-3 + -12)?
18
Let u = 258 - 221. What is the remainder when 81 is divided by u?
7
Calculate the remainder when (9/3 - 1)/(4/324) is divided by 28.
22
Calculate the remainder when 1552 is divided by 302/8 - (441/(-28))/(-21).
35
What is the remainder when (-26)/(-91) + 1524/7 is divided by 11?
9
Let s = 89 - 58. Let j = s - 29. Let c = 2 + 2. What is the remainder when c is divided by j?
0
Suppose -15 = -14*f + 11*f. Suppose 0 = 4*o - 2*a - 84, -2*o - f*a + 31 = -35. What is the remainder when o is divided by 8?
7
Suppose 0 = 74*j - 125*j + 9129. What is the remainder when 728 is divided by j?
12
Suppose 3*x - 5*g = 442, 1 = -2*g + 3. Calculate the remainder when x is divided by (6/(-18))/(7/(-315)).
14
Let m = 73 - 69. Let q(o) = -o**2 + 8*o + 10. Let x be q(9). What is the remainder when (1 - -7*x) + 2 is divided by m?
2
Suppose 10 = 7*y - 2*y. Suppose -a + 5 = 3*z - 6, -14 = -y*z - 4*a. What is the remainder when 15 is divided by (-4)/3*(z - 6)?
3
Let h(v) = -4*v**3 + v**2 + 3*v - 3. Let z be h(2). Let s = z - -36. Calculate the remainder when s is divided by 6.
5
Suppose 5*b + c - 235 = 0, 5*b + 4*c - 211 - 24 = 0. Let v(x) = -7*x**2 + 8 + 4 + 6*x**2. Calculate the remainder when b is divided by v(0).
11
Let c(i) = -i**2 + i + 13. Let h = 11 - -1. Suppose -50 = 11*a - h*a. What is the remainder when a is divided by c(0)?
11
Let k(a) = -4 + 29*a + 14*a**2 - a**3 + 30*a - 82*a. Calculate the remainder when (4/(-6))/((-2)/90) is divided by k(12).
6
Let j = 111 - -151. What is the remainder when j is divided by 67?
61
Let y(r) = -r**3 - 21*r**2 + 195*r - 9. Let a = 3 + 8. What is the remainder when y(-28) is divided by a?
8
Let h = -38 - -6. Let k = 97 - 40. Let u = k + h. Calculate the remainder when 47 is divided by u.
22
Let r = -70 + 78. What is the remainder when 261 is divided by r?
5
Suppose -27*m + 23*m = -48. Suppose -2*w + d = -8, 2*d + 8 = 3*w - 6. Suppose w*o - 180 = -2*o. What is the remainder when o is divided by m?
9
Suppose -8*v + 1700 = 9*v. Calculate the remainder when 296 is divided by v.
96
Suppose -3*x + 9 = -33. Calculate the remainder when 165 is divided by x.
11
Suppose 4*u + 0*u = 16, -44 = -4*l - 5*u. Calculate the 